reds digit of g?
8
Suppose -4*g + 15 = g. Let j = 6 - g. What is the units digit of j?
3
Suppose 425 = -4*j + 1557. What is the units digit of j?
3
Suppose 5*r + 4 = -521. What is the tens digit of (-1054)/(-14) + 30/r?
7
Suppose -5*b + 61 = 3*c, -5*b - 2*c + 59 = -0*c. Suppose -5*v + 3*s - 4 = -29, 3*v - s = b. What is the units digit of (84/(-18))/(v/(-18))?
2
Let h = 132 + -69. What is the tens digit of h?
6
Let d(n) = 6*n**2 - 10*n + 11. Let b(l) = -5*l**2 + 9*l - 10. Let k(y) = 5*b(y) + 4*d(y). Let f be k(7). Let z = f - -42. What is the units digit of z?
2
Let m be ((-1)/(-2))/(1/4). Suppose -1 + 5 = -m*g. What is the units digit of -2 + (3 + 14 - g)?
7
Let p(m) = m + 6. Let y be p(-6). Suppose y = -c - i + 571, -i + 0*i - 1136 = -2*c. Suppose 6*j + 149 = c. What is the units digit of j?
0
Suppose s + 296 = 1854. What is the tens digit of s?
5
Suppose 26 = -3*r + 92. What is the units digit of r?
2
Let p be (-5)/(-15) - (-4)/(-12). Suppose p = -5*x - 3*m - 2*m - 190, 2*x - 4*m = -52. Let l = -23 - x. What is the tens digit of l?
1
Let s(f) = -3*f + 33. Let n(g) = g - 20. Let u be n(6). What is the tens digit of s(u)?
7
Let z(n) = -26*n**3 + 3*n**2 + 8*n + 6. Let t = 106 - 108. What is the units digit of z(t)?
0
Suppose -5*b = -0*b - 20. Suppose -3*g + 23 = y, 3*y + 0*y = 4*g + 17. Let d = b + y. What is the tens digit of d?
1
Suppose q + 2 - 11 = -t, 2*q = 8. Suppose o - t*o = -5*r + 36, -3*o + 8 = 5*r. Suppose -7*g + r*g = -81. What is the units digit of g?
7
Let m be 1522/(-4)*(0 + -2). Suppose -2*n + m = 303. What is the hundreds digit of n?
2
Let z(l) = l**2 - l + 2. Let d be 0/((-4 - -4) + 1). Let i be z(d). Suppose i*p + 68 = 6*p. What is the tens digit of p?
1
Suppose 26*s = 17373 + 28361. What is the hundreds digit of s?
7
Let n = -9 + 14. Suppose 4*z - n*q = 56, 3*q + 1 = 4*z - 63. What is the units digit of z?
9
Suppose -2*n + 2*v = -6*n + 2224, 4*n - 4*v = 2224. What is the units digit of n?
6
Let m(h) = -7*h + h + 24 + 2*h + h. What is the units digit of m(-6)?
2
Let a = 178 - -217. Suppose -16 = -4*z, -5*l + a = -0*z + 5*z. What is the units digit of l?
5
Suppose 3254 = 3*t + 686. What is the hundreds digit of t?
8
Suppose 260 = o + 3*m + 26, 3*m + 1098 = 5*o. Let x = o + -43. What is the hundreds digit of x?
1
Let b = 61 - 37. Suppose 5*s = -o + 34, -b = o - 4*s - 76. What is the units digit of o?
4
Let q(z) = 2*z**3 + z**2 + 3. Let k be q(0). Suppose 2*v + k = 37. What is the tens digit of v?
1
Let z(w) = 9*w + 20. Let p(f) = 9*f + 20. Let v(u) = -6*p(u) + 5*z(u). What is the tens digit of v(-8)?
5
Suppose 4*r = -u + 4, u + 12 = -2*r + 6*r. Let t(k) = -k**r + 13 - k - 4*k - 5*k. What is the units digit of t(-6)?
7
Let c(o) be the third derivative of 7/24*o**4 + 0*o + 2/3*o**3 + 0 - 2*o**2. What is the units digit of c(3)?
5
Let w(y) = 3*y**3 - 5*y**2 - 3*y + 1. Let c(z) = -4*z**3 + 4*z**2 + 3*z. Let v(f) = -4*c(f) - 5*w(f). What is the units digit of v(-6)?
5
Let k = -7 - 4. Let g = -11 - k. Suppose -4*m + 0 + 4 = g. What is the units digit of m?
1
Let u = -84 - -679. What is the units digit of u?
5
Let d = 1366 + -895. What is the hundreds digit of d?
4
Let a(h) = -h**2 + 9*h - 13. Let r be a(6). Suppose 10 = -5*k - 2*o, 5*o - r = k - 3. What is the units digit of ((-3)/k - 1)*4?
2
What is the units digit of (1 + 0 - 7)*(-808)/3?
6
Let f be (-3 + 4)/(3 + -4). Let x(u) = -4*u**3 + u. Let t be x(f). What is the tens digit of 66/2*1/t?
1
Let d = 1 - 1. Let l be 9/(-27) + (-344)/(-6). Suppose 2*f + f - l = d. What is the units digit of f?
9
Let q = -44 - -45. What is the tens digit of 53/q - (-5 + 3/1)?
5
Let u(r) = -r**3 - r**2 + 2*r + 13. Let k be u(0). Suppose -k*s = -11*s - 72. What is the units digit of s?
6
Suppose 0 = -11*d + 14*d - 5610. Suppose m - 12*m + d = 0. What is the hundreds digit of m?
1
Let m(v) = -v**3 + 15*v**2 + 16*v - 12. Let r be m(12). Suppose -5*x + 218 = -r. What is the tens digit of x?
6
Let c = -8 - 10. Let o(v) = -v**2 - 20*v + 23. What is the tens digit of o(c)?
5
Let n(r) = -2*r - 8*r**2 - 7 - r**2 + 8*r - r**3. Let h(v) = -5*v**2 + 7*v - 4. Let j be h(2). What is the tens digit of n(j)?
3
Let b(s) = -s - 1. Suppose 2*k = -c - 4, 4*k - 2*c - 7 = -31. Let i be b(k). What is the tens digit of -3*((-14)/i + 0)?
1
Let h(t) = 2*t**2 - 36*t - 146. What is the hundreds digit of h(30)?
5
Let l(t) = -11*t + 21. Let r(h) = -32*h + 62. Let q(x) = -17*l(x) + 6*r(x). What is the units digit of q(-8)?
5
Suppose 2*f - 1989 - 3653 = 0. What is the hundreds digit of f?
8
Let n be -9 + 6 + -2 + -1. What is the tens digit of n/(-4)*(-612)/(-27)?
3
Let y(z) = -59*z**3 + 2*z**2 + 5*z + 1. What is the hundreds digit of y(-3)?
5
Let y(j) = 41*j**2 - 6*j - 8. What is the units digit of y(-2)?
8
Let f(i) = 166*i - 67. What is the units digit of f(8)?
1
Let h = -76 - -41. Let b be (h/21)/((-1)/3). Suppose -82 = -b*j + 103. What is the tens digit of j?
3
Suppose g - 4*l - 184 = 0, 0 = -58*g + 56*g - 5*l + 355. What is the hundreds digit of g?
1
Let t be (-4)/(-10) + 198/(-45). What is the tens digit of ((-137)/t)/(7/28)?
3
Let z(i) = -i**2 - 14*i + 4. Let h be z(-15). Let j = -5 - h. What is the units digit of j?
6
Let d = 55 - 30. Let w = 16 + d. What is the units digit of w?
1
Suppose 5*p = 5*u - 2835, 2*p = -4*u + u + 1676. What is the tens digit of u/8 + (-7)/28?
7
Let j be ((-6)/(-10))/((-17)/(-85)). Let x be 8 + (-12 + j)/3. Suppose -5*i + 2*k + 99 = -146, -3*i - x*k + 116 = 0. What is the units digit of i?
7
Let p = 16 + 15. Let l = 52 - p. What is the tens digit of l?
2
Suppose 10*l = 108 + 2. Suppose 505 + 78 = l*z. What is the units digit of z?
3
Let x be (-8)/(-14) - 90/(-63). What is the tens digit of 20/x*1/(-5)*-5?
1
Suppose -1064 = -3*t - 41*q + 36*q, 0 = 2*q - 8. What is the tens digit of t?
4
Suppose -q = -2*j, -3*q - 4*j = 61 - 21. What is the tens digit of (8/3)/q*-642?
1
Let y = -366 + 588. What is the tens digit of y?
2
Let g(i) = -10*i + 419. What is the tens digit of g(0)?
1
Let m(c) = 2*c**2 - 4*c + 3. Let o be m(3). Let q(z) = z**2 - 9*z + 9. What is the units digit of q(o)?
9
What is the hundreds digit of ((-2030)/25 + 0)*-5?
4
Let v(c) = -c**3 + 2*c**2 + 4*c - 3. Let n be v(3). What is the tens digit of 3/(9/195) - n?
6
Let j = 402 + -282. What is the hundreds digit of j?
1
Suppose 0 = 25*s - 33585 - 2340. What is the hundreds digit of s?
4
Let v(g) = 3*g**2 + 27*g - 4. What is the units digit of v(14)?
2
Let f(v) = -4*v**3 + 3*v**3 + 2 + 3*v + 4 - 7*v**2. What is the units digit of f(-8)?
6
Suppose -2*z = -5*b - 5*z + 288, 4*z = -3*b + 164. Suppose 0*i - 6*i = b. What is the tens digit of 14/(-4)*i/1?
3
Suppose 4*b = -5*t - 7, 2*t - 2 = -2*b - 2*b. Suppose 5 = b*c + 1. Suppose 1 = c*x - 1. What is the units digit of x?
1
Let l(s) = -s**3 - 14*s**2 + 2*s + 32. Let u be l(-14). Suppose u*y + 266 = i, 2*i - 319 - 195 = -y. What is the units digit of i?
8
Suppose 2*b = n + b - 2, 5*n = 2*b + 10. Let w(r) = 26*r + 27. What is the tens digit of w(n)?
7
Let h(o) = -177*o - 34. What is the units digit of h(-2)?
0
Let k(n) = -20*n - 5. Let i = 12 - 15. Let g be k(i). Let l = -22 + g. What is the units digit of l?
3
Let h(r) = r**2 + 6*r - 9. Let g be h(-9). Let c = 24 - g. What is the units digit of c/12*(80 + -2)?
9
Let g = 5908 - 4085. What is the hundreds digit of g?
8
Let s(z) = 2*z**2 + 47*z - 306. What is the tens digit of s(-38)?
9
Let n = 29 - -56. Let o = n + -48. What is the units digit of o?
7
Let u(t) = 2*t**2 + 5*t - 5. Let n be u(1). What is the tens digit of -4 + 2 + n*(45 + 2)?
9
Let t = 1170 + -202. What is the hundreds digit of t?
9
Let q(z) = 27*z. Let c be q(-11). What is the hundreds digit of (c - -28)*1*-1?
2
Let d = 154 - -3040. What is the thousands digit of d?
3
Let a(n) = -n**3 + 7*n**2 - 6*n + 1. Let g be a(6). Let u = 1 - g. Suppose u = p - 2, p + 1 = -v + 2*p. What is the units digit of v?
1
Suppose 3*k + 27 - 66 = 0. Let j = 24 - k. What is the tens digit of j?
1
Let f(l) = 26*l + 3. Let m be f(4). Suppose 4*s + 186 = 470. Let z = m - s. What is the units digit of z?
6
Let y(t) = 5*t**2 - t - 26. Suppose -a = x + 4*x - 7, 4*x - 14 = -2*a. What is the tens digit of y(a)?
1
Let q(w) = 5*w - 19. Suppose -5*p = 10 - 90. What is the tens digit of q(p)?
6
Suppose 252 = i - 